Let i be t(-9). Let k = i + -3. What is the units digit of k?
4
What is the units digit of (-21)/(-28)*-43*32/(-6)?
2
Suppose -4*z - 6 = -22. Suppose -5*m + 4*y + 22 = 5*y, -z*m + 3*y = -29. What is the units digit of m?
5
What is the tens digit of (3/(-18)*2)/(2/(-246))?
4
Let d(h) = h**3 - 7*h**2 + 4*h - 2. Let l be d(7). Suppose 4*v = -0*m + 2*m, 0 = 4*m. Suppose 4*r - l - 22 = v. What is the units digit of r?
2
Suppose 3*n - 44 - 43 = 0. Suppose 5*o - n = 76. Suppose -2*y - 1 = -o. What is the units digit of y?
0
Let f(k) = 4*k - 3. Let g be f(2). Suppose -4*t = h - 14, 0*h - g*t = -h + 14. What is the units digit of h?
4
Let h(z) = 6*z - 5. What is the tens digit of h(3)?
1
Let j(t) = -t - 3. Let m = -8 - -2. Let b be j(m). Suppose -2 = -n + b. What is the units digit of n?
5
Let d be 0/((-3 + 6)/(-3)). Let o = 17 + d. What is the tens digit of o?
1
Let z = -28 - -40. Suppose 0 = r - 5*q - 15 - z, 0 = -3*r + q + 53. What is the units digit of r?
7
Let z = -42 + 70. What is the units digit of z?
8
Let i = -162 + 286. Suppose -i + 43 = -3*r. What is the tens digit of r?
2
Suppose 4*t + 26 = 2*b, 41 = 4*b + b + 2*t. What is the units digit of b?
9
Let x = -8 - -11. What is the units digit of x/((-2)/10*-1)?
5
Let l(c) = 6 + 3*c - 2*c + 2*c**2 + 10*c - 18. What is the units digit of l(-9)?
1
Let c(x) = x**2 + 1. Let j be c(1). Suppose -j*v - l = 3*l + 64, l = v + 32. What is the units digit of v/(-6) - (-2)/(-6)?
5
Let i = 94 + -50. What is the tens digit of i?
4
Let n(c) = c**3 + c**2 - c - 8. Let s = -5 + 5. Let i be n(s). Let d = i - -12. What is the units digit of d?
4
Let d = 10 - 7. Suppose -4*x + n - 31 = 0, 3*n = d*x + 2*n + 22. Let c = 14 + x. What is the units digit of c?
5
What is the units digit of 13*(0 + 3)*1/1?
9
Suppose -2*j = i - 4 - 9, -4*j - 4*i = -24. Let z = 7 - j. Suppose -5*w + 5 = -z*w. What is the units digit of w?
1
Suppose 0 = -3*p - 20 + 56. What is the units digit of p?
2
Let f(m) = 2*m + 3 + 4*m**2 + m**3 + 0*m**3 - 2*m**2. Let x be f(-3). Let c = x - -30. What is the units digit of c?
8
Let d(x) be the second derivative of -x**3/6 + 3*x**2/2 - 2*x. Let p(s) = -s**2 + s + 5. Let b be p(4). What is the units digit of d(b)?
0
Let b(y) = -2*y**2 + 29*y + 5. What is the tens digit of b(13)?
4
Suppose 4 = 3*d - 11. What is the units digit of d?
5
Let w(q) = 3*q + 8. Let u be w(-7). Let m = -3 + 3. Let l = m - u. What is the units digit of l?
3
Suppose 0 = -5*a - m, -5*a - m = -3*a + 3. What is the units digit of (-2 + 1)/(-1)*a?
1
Suppose 3*a = 1 + 5. Suppose -4*o + 0*p + 94 = 2*p, 5*o + 2*p - 119 = 0. Suppose a*k - o = 3. What is the tens digit of k?
1
Suppose 2*i + o - 8 = 0, -4 = -i + 2*o - 0*o. Suppose 0 = -h - h + i. Suppose -4*q = -h*q - 2. What is the units digit of q?
1
Let u(k) = k - 12. Let w be u(12). Let z = 3 - w. Suppose 3*h + 0 = z. What is the units digit of h?
1
Suppose 2*v + 8 = 0, 5*c - v - 126 = 3*v. Let t(o) = o**2 + 8*o - 6. Let w be t(-7). Let h = c + w. What is the units digit of h?
9
Suppose 0*f + 28 = f - 3*r, 140 = 3*f + 5*r. Suppose -5*p + 5 = f. Let g = p + 8. What is the units digit of g?
1
Suppose 0 = -v + 2*v - 2, -3*v = 5*g - 651. What is the units digit of g?
9
Let v = 5 + -3. Suppose -v*c = 2*c - 16. What is the units digit of c?
4
Let v(a) be the first derivative of 3*a**2 - 2*a - 1. What is the units digit of v(3)?
6
Let u(h) = -12*h + 10*h - 7 + 0*h. What is the units digit of u(-6)?
5
Let p be 5 - 1 - (4 - 4). Let a be (-1*p)/(-2)*1. What is the units digit of (2/1)/(4/a)?
1
Let q(b) = -8*b + 14. Let w(x) = 9*x - 15. Let f(i) = -5*q(i) - 4*w(i). What is the units digit of f(7)?
8
Let a be (0 + 4)/(5 + -3). Suppose -5*w - 5*z + 55 = 0, a*w + 2*w - 4*z - 28 = 0. What is the units digit of w?
9
Let m be (1/3)/((-1)/(-33)). Let u(z) = 3*z - 6. What is the units digit of u(m)?
7
Let y(t) = t**2 + 5*t + 2. What is the tens digit of y(8)?
0
Let x be ((-90)/(-27))/((-2)/(-3)). Suppose 3 = -3*w + 5*i, 4*w - x = 4*i - 1. Suppose 5*o + 5*s - 71 - 19 = 0, -w*o + s = -72. What is the units digit of o?
8
Suppose -q + z = -9, -q = 4*z - 14 - 10. Suppose 0 = -4*b - 0*b + q. Suppose -b*t - 30 = -5*t. What is the units digit of t?
5
Suppose -2*n - 3*n = f + 21, -4*n + 2*f = 14. What is the tens digit of n/20 + (-112)/(-10)?
1
Let n(v) = -35*v**2 - 4*v - 1. Let b(s) = -71*s**2 - 7*s - 2. Let o(p) = -3*b(p) + 5*n(p). What is the units digit of o(-1)?
8
Suppose 19 = 4*s + 5*k, -3*s + 5*k + 8 = 20. What is the units digit of (1/(-1))/(0 - s)?
1
Let b(x) = -14*x. Let i be b(-1). Suppose -u + 17 = d + 3, -u = 2*d - i. What is the tens digit of u?
1
Let a(x) = x**3 + x**2 - x + 6. Let v be a(0). Suppose -v = -0*g - 2*g, -57 = -2*t - g. What is the tens digit of t?
2
Let k(n) = -n**2 - 11*n + 11. Let c(a) = -a**3 - 4*a**2 + 6*a - 6. Let l be c(-5). What is the units digit of k(l)?
1
Let l = -42 - -107. What is the tens digit of l?
6
Let x(u) = -u**3 - u**2 - 4*u - 2. Let b be x(-3). Let h be (-4)/(-7)*b/8. Suppose 2*w + l + 2 = -2*l, w + h*l + 2 = 0. What is the units digit of w?
2
Suppose s = 4*o, -2*o - 75 = -5*s + 3*o. What is the units digit of s?
0
Suppose 4 = -y + 8. Suppose 0*l + l - 47 = -5*z, -52 = -4*z + y*l. What is the units digit of z?
0
Let s = -41 - -93. What is the tens digit of s?
5
Let q(z) = z**2 - 7*z. Let o = 6 + -2. Suppose o*t = 21 + 11. What is the units digit of q(t)?
8
Let v(c) = -5 - 3 + 16 + c**3 - 1 + c**2. What is the units digit of v(0)?
7
Suppose 3*h - 6 - 9 = 0. Suppose 0 = h*r - 0 - 5. Let z = r - -1. What is the units digit of z?
2
Let l(c) = 60*c - 12. What is the units digit of l(3)?
8
Let w(m) = m - 2. Let t be w(5). Let s = t - 1. What is the units digit of s?
2
Let v = -16 + 42. What is the units digit of 5 + -4 - (0 - v)?
7
Suppose 7*m = 6*m + 66. What is the tens digit of m?
6
Let o be (-1)/1*1*-19. Suppose -3*u + 51 = 3*x, -6*u = -8*u + 3*x + o. What is the units digit of u?
4
Let j = 25 - 16. Suppose 3*h + 5*k + j = 0, -10 = -2*h + k + k. What is the units digit of h?
2
Suppose 3*h - 220 = -2*h. What is the tens digit of h?
4
Suppose 0 = w + 9 - 10. Let x be (-10)/4*(-7 + w). Suppose -5*c + x = -15. What is the units digit of c?
6
Let c = 290 - 95. What is the hundreds digit of c?
1
Suppose 2*p + p = -2*q, 0 = -p - 4*q. Suppose 0 = -3*y + 6 - p. Let v(o) = 4*o - 1. What is the units digit of v(y)?
7
Let i = -2 + 5. Let x be ((-1)/i)/((-2)/54). Suppose 0 = -3*a + 3 + x. What is the units digit of a?
4
What is the tens digit of -36*(-3 + 6)/(-6)?
1
Let y = 8 - 1. What is the units digit of y?
7
Let p = -12 + 15. Suppose -4*n + 5*t = -101, -t - 1 = n + p*t. What is the units digit of n?
9
Suppose -5*u = -12 - 18. Let t = u + -3. Suppose n - t = 14. What is the units digit of n?
7
Suppose -u = 3*u - 104. What is the tens digit of u?
2
Let a(i) = 3*i**2 + 2*i + 8. What is the hundreds digit of a(-7)?
1
Let i = 6 + -2. What is the units digit of (-9)/(-18) - (-50)/i?
3
Suppose -u + 6 = u. Suppose -2*s - u*s = -70. What is the units digit of s?
4
Let a be (-12)/2 - (-2)/(-2). Let w(g) be the second derivative of g**4/12 + 5*g**3/6 - 7*g**2/2 - 13*g. What is the units digit of w(a)?
7
Let k(q) = 2*q**3 + q - 2. Let b be k(2). Suppose -3*o - 3*t + 5 = 2, 4*o - 2*t - b = 0. What is the units digit of o?
3
Let a = -16 - -19. Suppose 0 = -4*t - h + 87, a*t + 3*h - 59 = h. What is the tens digit of t?
2
Let s = 1 + 9. What is the tens digit of (0 - s)*(-24)/10?
2
Let a = -89 + 148. Suppose 3*t = 2*r + a, -4*r - 11 = -t + 22. Suppose -o = x - t - 7, -4*x + 5*o + 78 = 0. What is the units digit of x?
2
Let f(n) = 2*n**2 - 9*n + 7. What is the units digit of f(8)?
3
Suppose -2*z = -4*f - 7*z - 25, -2*z - 10 = 5*f. Suppose 5*x - 39 - 21 = f. What is the units digit of ((-1)/2)/((-2)/x)?
3
Suppose -m = -4*i - 0*m + 157, -5*m + 127 = 4*i. What is the tens digit of i?
3
Let h = 71 - 9. What is the units digit of h?
2
Let q = 12 - -8. Suppose 3*i + 16 + q = 0. Let j = i - -18. What is the units digit of j?
6
Let o(x) = x**3 + 5*x**2 + 10*x - 3. Let s(i) = 5*i**3 + 24*i**2 + 51*i - 16. Let j(n) = -11*o(n) + 2*s(n). What is the tens digit of j(-6)?
1
Let k(w) = -w**3 - w**2 - w - 1. Let c be k(-2). Suppose -c*v = 2*a - 45, -v - 2*a - 36 = -5*v. What is the units digit of v?
9
Sup